{"id":161,"date":"2020-01-28T20:14:06","date_gmt":"2020-01-28T20:14:06","guid":{"rendered":"http:\/\/localhost\/wordpresstandusz2020\/?page_id=161"},"modified":"2020-01-28T20:14:06","modified_gmt":"2020-01-28T20:14:06","slug":"irodak-irodahazak-takaritasa","status":"publish","type":"page","link":"http:\/\/tandusz.hu\/?page_id=161","title":{"rendered":"Irod\u00e1k, irodah\u00e1zak takar\u00edt\u00e1sa"},"content":{"rendered":"\n<p>Az irod\u00e1k takar\u00edt\u00e1s\u00e1ban t\u00f6bb mint 5 \u00e9ves tapasztalattal \u00e1llunk partnereink rendelkez\u00e9s\u00e9re. Legf\u0151bb c\u00e9lunk egy tiszta, \u00e1polt k\u00f6rnyezet megteremt\u00e9se a napi munkav\u00e9gz\u00e9shez. Az iroda, irodah\u00e1z tisztas\u00e1gi szintje akkor megfelel\u0151, ha szakszer\u0171en van szervezve a takar\u00edt\u00e1s, forgalomhoz m\u00e9rten megfelel\u0151 id\u0151k\u00f6z\u00f6nk\u00e9nt el van v\u00e9gezve a fel\u00fcletkezel\u00e9s, \u00e9s rendszeresen tiszt\u00e1n van tartva az \u00f6sszes fel\u00fclet. Magas sz\u00ednvonal\u00fa irodatakar\u00edt\u00e1sunkat k\u00f6vetkezetes szervez\u00e9ssel, a takar\u00edt\u00f3 szem\u00e9lyzet rendszeres ellen\u0151rz\u00e9s\u00e9vel, korszer\u0171 g\u00e9pekkel, eszk\u00f6z\u00f6kkel, k\u00f6rnyezetbar\u00e1t tiszt\u00edt\u00f3szerekkel \u00e9s szigor\u00fa bels\u0151 munkahelyi utas\u00edt\u00e1sokkal \u00e9rj\u00fck el. Mindig az egyedi ig\u00e9nyekhez igazodva v\u00e9gezz\u00fck a tiszt\u00edt\u00e1si feladatokat. <\/p>\n\n\n\n<figure class=\"wp-block-image size-large\"><img loading=\"lazy\" decoding=\"async\" width=\"1024\" height=\"683\" src=\"http:\/\/localhost\/wordpresstandusz2020\/wp-content\/uploads\/2020\/01\/Office-cleaning.jpg\" alt=\"\" class=\"wp-image-162\" srcset=\"http:\/\/tandusz.hu\/wp-content\/uploads\/2020\/01\/Office-cleaning.jpg 1024w, http:\/\/tandusz.hu\/wp-content\/uploads\/2020\/01\/Office-cleaning-300x200.jpg 300w, http:\/\/tandusz.hu\/wp-content\/uploads\/2020\/01\/Office-cleaning-768x512.jpg 768w\" sizes=\"(max-width: 1024px) 100vw, 1024px\" \/><\/figure>\n\n\n\n<p><strong>Irod\u00e1k napi rendszeress\u00e9g\u0171 takar\u00edt\u00e1sa:<\/strong><\/p>\n\n\n\n<ul class=\"wp-block-list\"><li>asztalok portalan\u00edt\u00e1sa<\/li><li>szemetesek \u00fcr\u00edt\u00e9se, szemeteszs\u00e1kok cser\u00e9je<\/li><li>monitorok \u00e9s klaviat\u00far\u00e1k portalan\u00edt\u00e1sa<\/li><li>teakonyh\u00e1k \u00e9s mell\u00e9khelyis\u00e9gek tiszt\u00e1n tart\u00e1sa, mosogat\u00e1s<\/li><li>teljes j\u00e1r\u00f3fel\u00fclet porsz\u00edv\u00f3z\u00e1sa \u00e9s felmos\u00e1sa<\/li><li>ajt\u00f3kilincsek fert\u0151tlen\u00edt\u00e9se<\/li><li>\u00e1tj\u00e1r\u00f3 ajt\u00f3k \u00fcvegfel\u00fcleteinek helyi tiszt\u00edt\u00e1sa<\/li><li>l\u00e1bt\u00f6rl\u0151k, sz\u0151nyegek porsz\u00edv\u00f3z\u00e1sa<\/li><li>polcok, bels\u0151 ablakp\u00e1rk\u00e1nyok tiszt\u00e1n tart\u00e1sa<\/li><li>el\u00e9rhet\u0151 ter\u00fcletek p\u00f3kh\u00e1l\u00f3z\u00e1sa<\/li><\/ul>\n\n\n\n<p><strong>Irod\u00e1k nagytakar\u00edt\u00e1sa: (a felsorolt napi takar\u00edt\u00e1si teend\u0151k\u00f6n fel\u00fcl)<\/strong><\/p>\n\n\n\n<ul class=\"wp-block-list\"><li>berendez\u00e9si t\u00e1rgyak portalan\u00edt\u00e1sa, b\u00fator\u00e1pol\u00f3val val\u00f3 kezel\u00e9se<\/li><li>b\u0151r fel\u00fclet\u0171 b\u00fatorok tiszt\u00edt\u00e1sa \u00e9s \u00e1pol\u00e1sa<\/li><li>ablaktiszt\u00edt\u00e1s<\/li><li>kis m\u00e9ret\u0171 b\u00fatorok elmozgat\u00e1sa, \u00e9s az \u00edgy szabadd\u00e1 v\u00e1l\u00f3 ter\u00fcletek takar\u00edt\u00e1sa<\/li><li>ajt\u00f3k, ajt\u00f3keretek tiszt\u00edt\u00e1sa<\/li><li>moshat\u00f3 falfel\u00fcletek \u00e1tt\u00f6rl\u00e9se<\/li><li>l\u00e1mpatestek tiszt\u00edt\u00e1sa<\/li><li>n\u00f6v\u00e9nyek lemos\u00e1sa, vir\u00e1gtart\u00f3 ed\u00e9nyek tiszt\u00edt\u00e1sa<\/li><li>f\u0171t\u0151testek portalan\u00edt\u00e1sa<\/li><\/ul>\n\n\n\n<figure class=\"wp-block-image size-large\"><img loading=\"lazy\" decoding=\"async\" width=\"1024\" height=\"381\" src=\"http:\/\/localhost\/wordpresstandusz2020\/wp-content\/uploads\/2020\/01\/professional-cleaning-services-1-1024x381.jpg\" alt=\"\" class=\"wp-image-163\" srcset=\"http:\/\/tandusz.hu\/wp-content\/uploads\/2020\/01\/professional-cleaning-services-1-1024x381.jpg 1024w, http:\/\/tandusz.hu\/wp-content\/uploads\/2020\/01\/professional-cleaning-services-1-300x112.jpg 300w, http:\/\/tandusz.hu\/wp-content\/uploads\/2020\/01\/professional-cleaning-services-1-768x286.jpg 768w, http:\/\/tandusz.hu\/wp-content\/uploads\/2020\/01\/professional-cleaning-services-1-1536x572.jpg 1536w, http:\/\/tandusz.hu\/wp-content\/uploads\/2020\/01\/professional-cleaning-services-1-2048x763.jpg 2048w, http:\/\/tandusz.hu\/wp-content\/uploads\/2020\/01\/professional-cleaning-services-1-1920x715.jpg 1920w\" sizes=\"(max-width: 1024px) 100vw, 1024px\" \/><figcaption>EOS 10D CMOS RAW IMAGE<\/figcaption><\/figure>\n","protected":false},"excerpt":{"rendered":"<p>Az irod\u00e1k takar\u00edt\u00e1s\u00e1ban t\u00f6bb mint 5 \u00e9ves tapasztalattal \u00e1llunk partnereink rendelkez\u00e9s\u00e9re. Legf\u0151bb c\u00e9lunk egy tiszta, \u00e1polt k\u00f6rnyezet megteremt\u00e9se a napi munkav\u00e9gz\u00e9shez. Az iroda, irodah\u00e1z tisztas\u00e1gi szintje akkor megfelel\u0151, ha szakszer\u0171en van szervezve a takar\u00edt\u00e1s, forgalomhoz m\u00e9rten megfelel\u0151 id\u0151k\u00f6z\u00f6nk\u00e9nt el van v\u00e9gezve a fel\u00fcletkezel\u00e9s, \u00e9s rendszeresen tiszt\u00e1n van tartva az \u00f6sszes fel\u00fclet. Magas sz\u00ednvonal\u00fa irodatakar\u00edt\u00e1sunkat k\u00f6vetkezetes&hellip; <br \/> <a class=\"read-more\" href=\"http:\/\/tandusz.hu\/?page_id=161\">Read more<\/a><\/p>\n","protected":false},"author":1,"featured_media":0,"parent":0,"menu_order":0,"comment_status":"closed","ping_status":"closed","template":"","meta":{"footnotes":""},"class_list":["post-161","page","type-page","status-publish","hentry"],"_links":{"self":[{"href":"http:\/\/tandusz.hu\/index.php?rest_route=\/wp\/v2\/pages\/161"}],"collection":[{"href":"http:\/\/tandusz.hu\/index.php?rest_route=\/wp\/v2\/pages"}],"about":[{"href":"http:\/\/tandusz.hu\/index.php?rest_route=\/wp\/v2\/types\/page"}],"author":[{"embeddable":true,"href":"http:\/\/tandusz.hu\/index.php?rest_route=\/wp\/v2\/users\/1"}],"replies":[{"embeddable":true,"href":"http:\/\/tandusz.hu\/index.php?rest_route=%2Fwp%2Fv2%2Fcomments&post=161"}],"version-history":[{"count":1,"href":"http:\/\/tandusz.hu\/index.php?rest_route=\/wp\/v2\/pages\/161\/revisions"}],"predecessor-version":[{"id":164,"href":"http:\/\/tandusz.hu\/index.php?rest_route=\/wp\/v2\/pages\/161\/revisions\/164"}],"wp:attachment":[{"href":"http:\/\/tandusz.hu\/index.php?rest_route=%2Fwp%2Fv2%2Fmedia&parent=161"}],"curies":[{"name":"wp","href":"https:\/\/api.w.org\/{rel}","templated":true}]}}