{"id":167,"date":"2020-01-28T20:28:43","date_gmt":"2020-01-28T20:28:43","guid":{"rendered":"http:\/\/localhost\/wordpresstandusz2020\/?page_id=167"},"modified":"2020-01-28T20:28:43","modified_gmt":"2020-01-28T20:28:43","slug":"epuletek-tarsashazak-takaritasa","status":"publish","type":"page","link":"http:\/\/tandusz.hu\/?page_id=167","title":{"rendered":"\u00c9p\u00fcletek, t\u00e1rsash\u00e1zak takar\u00edt\u00e1sa"},"content":{"rendered":"\n<p> Szolg\u00e1ltat\u00e1sunk mag\u00e1ba foglalja a t\u00e1rsash\u00e1z bels\u0151 r\u00e9szeinek teljes k\u00f6r\u0171 tiszt\u00edt\u00e1s\u00e1t, illetve a t\u00e1rsash\u00e1z el\u0151tti j\u00e1rdar\u00e9sz tiszt\u00e1n tart\u00e1s\u00e1t. A fokozott ig\u00e9nybev\u00e9telnek k\u00f6sz\u00f6nhet\u0151en a l\u00e9pcs\u0151h\u00e1zak eset\u00e9ben kiemelten fontos a folyamatos tiszt\u00edt\u00e1s. Ennek \u00fctemez\u00e9s\u00e9t c\u00e9g\u00fcnk teljes m\u00e9rt\u00e9kben a lak\u00f3k \u00e9letvitel\u00e9hez szabja, hogy a munk\u00e1latok sor\u00e1n ne zavarjuk a tulajdonosok mindennapjait.<br><\/p>\n\n\n\n<figure class=\"wp-block-image size-large\"><img loading=\"lazy\" decoding=\"async\" width=\"1024\" height=\"423\" src=\"http:\/\/localhost\/wordpresstandusz2020\/wp-content\/uploads\/2020\/01\/building-cleaning-2-1024x423.jpg\" alt=\"\" class=\"wp-image-168\" srcset=\"http:\/\/tandusz.hu\/wp-content\/uploads\/2020\/01\/building-cleaning-2-1024x423.jpg 1024w, http:\/\/tandusz.hu\/wp-content\/uploads\/2020\/01\/building-cleaning-2-300x124.jpg 300w, http:\/\/tandusz.hu\/wp-content\/uploads\/2020\/01\/building-cleaning-2-768x317.jpg 768w, http:\/\/tandusz.hu\/wp-content\/uploads\/2020\/01\/building-cleaning-2.jpg 1440w\" sizes=\"(max-width: 1024px) 100vw, 1024px\" \/><\/figure>\n\n\n\n<ul class=\"wp-block-list\"><li>l\u00e9pcs\u0151k, l\u00e9pcs\u0151h\u00e1zak, folyos\u00f3k alapos takar\u00edt\u00e1sa, p\u00f3kh\u00e1l\u00f3z\u00e1sa<\/li><li>korl\u00e1tok portalan\u00edt\u00e1sa<\/li><li>liftek tiszt\u00e1n tart\u00e1sa<\/li><li>szem\u00e9tt\u00e1rol\u00f3k \u00fcr\u00edt\u00e9se, fert\u0151tlen\u00edt\u00e9se<\/li><li>udvar, utca sepr\u00e9se<\/li><li>t\u00e9li id\u0151szakban h\u00f3-\u00e9s cs\u00fasz\u00e1smentes\u00edt\u00e9s<\/li><li>bej\u00e1rati ajt\u00f3k \u00fcvegfel\u00fcleteinek tiszt\u00edt\u00e1sa<\/li><\/ul>\n\n\n\n<figure class=\"wp-block-image size-large\"><img loading=\"lazy\" decoding=\"async\" width=\"640\" height=\"480\" src=\"http:\/\/localhost\/wordpresstandusz2020\/wp-content\/uploads\/2020\/01\/home-design.jpg\" alt=\"\" class=\"wp-image-169\" srcset=\"http:\/\/tandusz.hu\/wp-content\/uploads\/2020\/01\/home-design.jpg 640w, http:\/\/tandusz.hu\/wp-content\/uploads\/2020\/01\/home-design-300x225.jpg 300w\" sizes=\"(max-width: 640px) 100vw, 640px\" \/><\/figure>\n","protected":false},"excerpt":{"rendered":"<p>Szolg\u00e1ltat\u00e1sunk mag\u00e1ba foglalja a t\u00e1rsash\u00e1z bels\u0151 r\u00e9szeinek teljes k\u00f6r\u0171 tiszt\u00edt\u00e1s\u00e1t, illetve a t\u00e1rsash\u00e1z el\u0151tti j\u00e1rdar\u00e9sz tiszt\u00e1n tart\u00e1s\u00e1t. A fokozott ig\u00e9nybev\u00e9telnek k\u00f6sz\u00f6nhet\u0151en a l\u00e9pcs\u0151h\u00e1zak eset\u00e9ben kiemelten fontos a folyamatos tiszt\u00edt\u00e1s. Ennek \u00fctemez\u00e9s\u00e9t c\u00e9g\u00fcnk teljes m\u00e9rt\u00e9kben a lak\u00f3k \u00e9letvitel\u00e9hez szabja, hogy a munk\u00e1latok sor\u00e1n ne zavarjuk a tulajdonosok mindennapjait. l\u00e9pcs\u0151k, l\u00e9pcs\u0151h\u00e1zak, folyos\u00f3k alapos takar\u00edt\u00e1sa, p\u00f3kh\u00e1l\u00f3z\u00e1sa korl\u00e1tok portalan\u00edt\u00e1sa&hellip; <br \/> <a class=\"read-more\" href=\"http:\/\/tandusz.hu\/?page_id=167\">Read more<\/a><\/p>\n","protected":false},"author":1,"featured_media":0,"parent":0,"menu_order":0,"comment_status":"closed","ping_status":"closed","template":"","meta":{"footnotes":""},"class_list":["post-167","page","type-page","status-publish","hentry"],"_links":{"self":[{"href":"http:\/\/tandusz.hu\/index.php?rest_route=\/wp\/v2\/pages\/167"}],"collection":[{"href":"http:\/\/tandusz.hu\/index.php?rest_route=\/wp\/v2\/pages"}],"about":[{"href":"http:\/\/tandusz.hu\/index.php?rest_route=\/wp\/v2\/types\/page"}],"author":[{"embeddable":true,"href":"http:\/\/tandusz.hu\/index.php?rest_route=\/wp\/v2\/users\/1"}],"replies":[{"embeddable":true,"href":"http:\/\/tandusz.hu\/index.php?rest_route=%2Fwp%2Fv2%2Fcomments&post=167"}],"version-history":[{"count":1,"href":"http:\/\/tandusz.hu\/index.php?rest_route=\/wp\/v2\/pages\/167\/revisions"}],"predecessor-version":[{"id":170,"href":"http:\/\/tandusz.hu\/index.php?rest_route=\/wp\/v2\/pages\/167\/revisions\/170"}],"wp:attachment":[{"href":"http:\/\/tandusz.hu\/index.php?rest_route=%2Fwp%2Fv2%2Fmedia&parent=167"}],"curies":[{"name":"wp","href":"https:\/\/api.w.org\/{rel}","templated":true}]}}