{"id":193,"date":"2020-02-07T16:33:01","date_gmt":"2020-02-07T16:33:01","guid":{"rendered":"http:\/\/localhost\/wordpresstandusz2020\/?page_id=193"},"modified":"2020-02-07T16:33:01","modified_gmt":"2020-02-07T16:33:01","slug":"iskolak-takaritasa","status":"publish","type":"page","link":"http:\/\/tandusz.hu\/?page_id=193","title":{"rendered":"Iskol\u00e1k takar\u00edt\u00e1sa"},"content":{"rendered":"\n<p>Az iskola takar\u00edt\u00e1sokkal c\u00e9lunk, hogy a kellemes \u00e9s egyben tiszta munkak\u00f6rnyezet alak\u00edtsunk ki \u00e9s tartsunk fent az ott tart\u00f3zkod\u00f3k sz\u00e1m\u00e1ra. A ter\u00fclet m\u00e9ret\u00e9nek \u00e9s dolgoz\u00f3i l\u00e9tsz\u00e1m f\u00fcggv\u00e9ny\u00e9ben mindig a megrendel\u0151 ig\u00e9nyeit szem el\u0151tt tartva alak\u00edtjuk ki a napi, illetve az id\u0151szakos takar\u00edt\u00e1sok rendj\u00e9t. A napi \u00e9s heti takar\u00edt\u00e1sok kiemelten tartalmazz\u00e1k a portalan\u00edt\u00e1st, az irodai g\u00e9pek k\u00fcls\u0151 tiszt\u00edt\u00e1s\u00e1t, a munka\u00e1llom\u00e1sok takar\u00edt\u00e1s\u00e1t,  a konyhai berendez\u00e9sek k\u00fcls\u0151, de ig\u00e9ny szerint a bels\u0151 fel\u00fcleteinek tiszt\u00edt\u00e1s\u00e1t (pl.: s\u00fct\u0151, h\u0171t\u0151, mikrohull\u00e1m\u00fa s\u00fct\u0151) a mosd\u00f3k helys\u00e9gek, \u00e9tkez\u0151k, konyh\u00e1k \u00e9s teakonyh\u00e1k takar\u00edt\u00e1s\u00e1t, fert\u0151tlen\u00edt\u00e9s\u00e9t, doh\u00e1nyz\u00f3helyek tiszt\u00e1n tart\u00e1sa, valamint a szemetesek \u00fcr\u00edt\u00e9s\u00e9t, a porsz\u00edv\u00f3z\u00e1st \u00e9s felmos\u00e1st. A munkafolyamatokat megbesz\u00e9l\u00e9s szerint \u00fagy id\u0151z\u00edtj\u00fck, hogy a dolgoz\u00f3kat \u00e9s tanul\u00f3kat, ne zavarjuk. Ig\u00e9ny szerint \u00fcgyeletes takar\u00edt\u00f3 szem\u00e9lyzetet is biztos\u00edtunk, aki elt\u00e1vol\u00edtja a napk\u00f6zben keletkez\u0151 azonnali beavatkoz\u00e1st ig\u00e9nyl\u0151 szennyez\u0151d\u00e9seket, es\u0151s tov\u00e1bb\u00e1 t\u00e9li id\u0151ben a k\u00f6z\u00f6ss\u00e9gi terek j\u00e1r\u00f3fel\u00fclet\u00e9t folyamatosan tiszt\u00edtja.<\/p>\n\n\n\n<figure class=\"wp-block-image size-large\"><img loading=\"lazy\" decoding=\"async\" width=\"1024\" height=\"576\" src=\"http:\/\/localhost\/wordpresstandusz2020\/wp-content\/uploads\/2020\/02\/school-cleaning-1024x576.png\" alt=\"\" class=\"wp-image-194\" srcset=\"http:\/\/tandusz.hu\/wp-content\/uploads\/2020\/02\/school-cleaning-1024x576.png 1024w, http:\/\/tandusz.hu\/wp-content\/uploads\/2020\/02\/school-cleaning-300x169.png 300w, http:\/\/tandusz.hu\/wp-content\/uploads\/2020\/02\/school-cleaning-768x432.png 768w, http:\/\/tandusz.hu\/wp-content\/uploads\/2020\/02\/school-cleaning-1536x864.png 1536w, http:\/\/tandusz.hu\/wp-content\/uploads\/2020\/02\/school-cleaning-2048x1152.png 2048w, http:\/\/tandusz.hu\/wp-content\/uploads\/2020\/02\/school-cleaning-1920x1080.png 1920w\" sizes=\"(max-width: 1024px) 100vw, 1024px\" \/><\/figure>\n\n\n\n<p><strong>A nagytakar\u00edt\u00e1si feladatok:<\/strong><\/p>\n\n\n\n<ul class=\"wp-block-list\"><li><strong> az ajt\u00f3k, ablakok \u00e9s azok kereteinek tiszt\u00edt\u00e1sa<\/strong><\/li><li><strong> az armat\u00far\u00e1k portalan\u00edt\u00e1sa<\/strong><\/li><li><strong>csempetiszt\u00edt\u00e1s<\/strong><\/li><li><strong>b\u00fatortakar\u00edt\u00e1s \u00e9s fel\u00fcletkezel\u00e9s<\/strong><\/li><li><strong>f\u0171t\u0151testek szerrel val\u00f3 tiszt\u00edt\u00e1sa<\/strong><\/li><li><strong>k\u00e1rpit-\u00e9s sz\u0151nyegtiszt\u00edt\u00e1s<\/strong><\/li><li><strong>red\u0151ny-\u00e9s reluxa takar\u00edt\u00e1s<\/strong><\/li><li><strong>f\u00fcgg\u00f6ny tiszt\u00edt\u00e1s <\/strong><\/li><li><strong>konyhai-\u00e9s egy\u00e9b szekr\u00e9nyek, tov\u00e1bb\u00e1 a h\u0171t\u0151 \u00e9s mikr\u00f3 bels\u0151 takar\u00edt\u00e1sa <\/strong><\/li><\/ul>\n\n\n\n<figure class=\"wp-block-image size-large\"><img loading=\"lazy\" decoding=\"async\" width=\"628\" height=\"327\" src=\"http:\/\/localhost\/wordpresstandusz2020\/wp-content\/uploads\/2020\/02\/school-college-university-cleaning.jpg\" alt=\"\" class=\"wp-image-195\" srcset=\"http:\/\/tandusz.hu\/wp-content\/uploads\/2020\/02\/school-college-university-cleaning.jpg 628w, http:\/\/tandusz.hu\/wp-content\/uploads\/2020\/02\/school-college-university-cleaning-300x156.jpg 300w\" sizes=\"(max-width: 628px) 100vw, 628px\" \/><\/figure>\n","protected":false},"excerpt":{"rendered":"<p>Az iskola takar\u00edt\u00e1sokkal c\u00e9lunk, hogy a kellemes \u00e9s egyben tiszta munkak\u00f6rnyezet alak\u00edtsunk ki \u00e9s tartsunk fent az ott tart\u00f3zkod\u00f3k sz\u00e1m\u00e1ra. A ter\u00fclet m\u00e9ret\u00e9nek \u00e9s dolgoz\u00f3i l\u00e9tsz\u00e1m f\u00fcggv\u00e9ny\u00e9ben mindig a megrendel\u0151 ig\u00e9nyeit szem el\u0151tt tartva alak\u00edtjuk ki a napi, illetve az id\u0151szakos takar\u00edt\u00e1sok rendj\u00e9t. A napi \u00e9s heti takar\u00edt\u00e1sok kiemelten tartalmazz\u00e1k a portalan\u00edt\u00e1st, az irodai g\u00e9pek&hellip; <br \/> <a class=\"read-more\" href=\"http:\/\/tandusz.hu\/?page_id=193\">Read more<\/a><\/p>\n","protected":false},"author":1,"featured_media":0,"parent":0,"menu_order":0,"comment_status":"closed","ping_status":"closed","template":"","meta":{"footnotes":""},"class_list":["post-193","page","type-page","status-publish","hentry"],"_links":{"self":[{"href":"http:\/\/tandusz.hu\/index.php?rest_route=\/wp\/v2\/pages\/193"}],"collection":[{"href":"http:\/\/tandusz.hu\/index.php?rest_route=\/wp\/v2\/pages"}],"about":[{"href":"http:\/\/tandusz.hu\/index.php?rest_route=\/wp\/v2\/types\/page"}],"author":[{"embeddable":true,"href":"http:\/\/tandusz.hu\/index.php?rest_route=\/wp\/v2\/users\/1"}],"replies":[{"embeddable":true,"href":"http:\/\/tandusz.hu\/index.php?rest_route=%2Fwp%2Fv2%2Fcomments&post=193"}],"version-history":[{"count":2,"href":"http:\/\/tandusz.hu\/index.php?rest_route=\/wp\/v2\/pages\/193\/revisions"}],"predecessor-version":[{"id":255,"href":"http:\/\/tandusz.hu\/index.php?rest_route=\/wp\/v2\/pages\/193\/revisions\/255"}],"wp:attachment":[{"href":"http:\/\/tandusz.hu\/index.php?rest_route=%2Fwp%2Fv2%2Fmedia&parent=193"}],"curies":[{"name":"wp","href":"https:\/\/api.w.org\/{rel}","templated":true}]}}