{"id":32,"date":"2020-01-15T19:23:21","date_gmt":"2020-01-15T19:23:21","guid":{"rendered":"http:\/\/localhost\/wordpresstandusz2020\/?page_id=32"},"modified":"2020-03-12T16:30:49","modified_gmt":"2020-03-12T16:30:49","slug":"bemutatkozas","status":"publish","type":"page","link":"http:\/\/tandusz.hu\/?page_id=32","title":{"rendered":"Bemutatkoz\u00e1s"},"content":{"rendered":"\n<p>C\u00e9g\u00fcnk 2010. november 5-\u00e9n alakult.<\/p>\n\n\n\n<p>\u00c1llami tulajdonban l\u00e9v\u0151 \u00e9p\u00fcletek, \u00e9p\u00fcletegys\u00e9gek, hivatali helyis\u00e9gek (iskol\u00e1k, \u00f3vod\u00e1k, b\u00f6lcs\u0151d\u00e9k, korm\u00e1nyhivatali helyis\u00e9gek, kiszolg\u00e1l\u00f3 egys\u00e9gek) folyamatos min\u0151s\u00e9gi \u00e9s mintaszer\u0171 takar\u00edt\u00e1s\u00e1t, tiszt\u00edt\u00e1s\u00e1t v\u00e1llaltuk csaknem 5 \u00e9ven kereszt\u00fcl.<\/p>\n\n\n\n<p><\/p>\n\n\n\n<p>A t\u00e1rsas\u00e1g f\u0151 tev\u00e9kenys\u00e9gi k\u00f6re ipari \u00e9s egy\u00e9b \u00e9p\u00fcletek takar\u00edt\u00e1sa, ill. egy\u00e9b takar\u00edt\u00e1si munk\u00e1latok elv\u00e9gz\u00e9se. Tev\u00e9kenys\u00e9g\u00fcnket els\u0151sorban Budapesten \u00e9s Pest megyei telep\u00fcl\u00e9seken v\u00e9gezz\u00fck.<\/p>\n\n\n\n<p>C\u00e9g\u00fcnk param\u00e9terei t\u00f6k\u00e9letes lehet\u0151s\u00e9get biztos\u00edtanak \u00d6n\u00f6knek arra, hogy a j\u00f6v\u0151ben hossz\u00fa t\u00e1von mintaszer\u0171 partnereiv\u00e9 v\u00e1ljunk egym\u00e1snak nemcsak a takar\u00edt\u00e1si, tiszt\u00edt\u00e1si, hanem ezen szolg\u00e1ltat\u00e1shoz kapcsol\u00f3d\u00f3 egy\u00e9b ter\u00fcletek tekintet\u00e9ben is.<\/p>\n\n\n\n<p>Az \u00d6n\u00f6k munkafolyamatainak strukt\u00far\u00e1j\u00e1ba a&nbsp;<strong>TANDUSZ&nbsp;<\/strong>Szolg\u00e1ltat\u00f3 Kft. optim\u00e1lisan be tud illeszkedni. C\u00e9g\u00fcnk hat\u00e9kony \u00e9s p\u00e9ld\u00e1s munkav\u00e9gz\u00e9se ok\u00e1n m\u00e9lt\u00e1n k\u00e9pezn\u00e9 az \u00d6n\u00f6k tev\u00e9kenys\u00e9g\u00e9nek r\u00e9szegys\u00e9g\u00e9t.<\/p>\n\n\n\n<p><\/p>\n\n\n\n<p>F\u0151bb ter\u00fcleteink:<\/p>\n\n\n\n<ul class=\"wp-block-list\"><li>\u00fczemek, gy\u00e1rak, csarnokok takar\u00edt\u00e1sa, tiszt\u00e1n tart\u00e1sa<\/li><li>irod\u00e1k, irodah\u00e1zak takar\u00edt\u00e1sa, tiszt\u00e1n tart\u00e1sa<\/li><li>\u00e9p\u00fcletek, t\u00e1rsash\u00e1zak takar\u00edt\u00e1sa, tiszt\u00e1n tart\u00e1sa<\/li><li>\u00e1llami \u2013 \u00e9s mag\u00e1nrendel\u0151k, eg\u00e9szs\u00e9g\u00fcgyi int\u00e9zm\u00e9nyek takar\u00edt\u00e1sa, tiszt\u00e1n tart\u00e1sa<\/li><li>\u00e9p\u00edtkez\u00e9sek ut\u00e1ni takar\u00edt\u00e1si munk\u00e1latok<\/li><li>egy\u00e9b, speci\u00e1lis ter\u00fcletet \u00e9s szak\u00e9rtelmet ig\u00e9nyl\u0151 takar\u00edt\u00e1si, tiszt\u00edt\u00e1si szolg\u00e1ltat\u00e1sok<\/li><\/ul>\n\n\n\n<p>Szolg\u00e1ltat\u00e1sunk sor\u00e1n l\u00e9nyeges szempontk\u00e9nt tekint\u00fcnk Megrendel\u0151inkkel val\u00f3 folyamatos kapcsolattart\u00e1sra, hiszen ez a hossz\u00fa t\u00e1v\u00fa egy\u00fcttm\u0171k\u00f6d\u00e9s\u00fcnk alapja.<\/p>\n\n\n\n<p><em>A&nbsp;<\/em><em><strong>TANDUSZ&nbsp;<\/strong><\/em><em>Szolg\u00e1ltat\u00f3 Kft. k\u00fcldet\u00e9se, hogy olyan er\u0151s, relev\u00e1ns piaci t\u00e9nyez\u0151k\u00e9nt m\u0171k\u00f6d\u0151, nyeres\u00e9ges v\u00e1llalkoz\u00e1s legyen, mely \u00fcgyfeleinek megold\u00e1st, dolgoz\u00f3inak pedig hossz\u00fa t\u00e1von biztos h\u00e1tteret \u00e9s tisztess\u00e9ges meg\u00e9lhet\u00e9st biztos\u00edt.<\/em><\/p>\n\n\n\n<p>C\u00e9g\u00fcnk sz\u00e1m\u00e1ra kiemelked\u0151en fontos szempont a rugalmass\u00e1g. Megrendel\u0151ink ig\u00e9nyeinek, k\u00e9r\u00e9seinek megfelel\u0151en a leggyorsabban \u00e9s a lehet\u0151 leghat\u00e9konyabban oldjuk meg feladatainkat. A munkaid\u0151t \u00e9s a munkav\u00e1llal\u00f3k l\u00e9tsz\u00e1m\u00e1t Megrendel\u0151ink mindennapi ig\u00e9nyeihez igaz\u00edtjuk.<\/p>\n\n\n\n<p>Gyakorlott \u00e9s megb\u00edzhat\u00f3 alkalmazottjaink fegyelmezett magatart\u00e1ssal v\u00e9gzik munk\u00e1jukat.<\/p>\n\n\n\n<p><\/p>\n\n\n\n<p>Sz\u00e1munkra kiemelked\u0151en fontos a k\u00f6rnyezetv\u00e9delem, ez\u00e9rt szolg\u00e1ltat\u00e1sunk sor\u00e1n minden esetben el\u0151t\u00e9rbe helyezz\u00fck a k\u00f6rnyezetbar\u00e1t tiszt\u00edt\u00f3szerek alkalmaz\u00e1s\u00e1t. K\u00e9r\u00e9s\u00e9re az \u00e1ltalunk haszn\u00e1lt tiszt\u00edt\u00f3szerekr\u0151l \u00e9s eszk\u00f6z\u00f6kr\u0151l r\u00e9szletes le\u00edr\u00e1st k\u00fcld\u00fcnk.<\/p>\n\n\n\n<p>B\u00edzunk benne, hogy szolg\u00e1ltat\u00e1saink megismer\u00e9se ut\u00e1n hamarosan \u00d6n\u00f6ket is el\u00e9gedett partnereink k\u00f6z\u00f6tt \u00fcdv\u00f6z\u00f6lhetj\u00fck.<\/p>\n","protected":false},"excerpt":{"rendered":"<p>C\u00e9g\u00fcnk 2010. november 5-\u00e9n alakult. \u00c1llami tulajdonban l\u00e9v\u0151 \u00e9p\u00fcletek, \u00e9p\u00fcletegys\u00e9gek, hivatali helyis\u00e9gek (iskol\u00e1k, \u00f3vod\u00e1k, b\u00f6lcs\u0151d\u00e9k, korm\u00e1nyhivatali helyis\u00e9gek, kiszolg\u00e1l\u00f3 egys\u00e9gek) folyamatos min\u0151s\u00e9gi \u00e9s mintaszer\u0171 takar\u00edt\u00e1s\u00e1t, tiszt\u00edt\u00e1s\u00e1t v\u00e1llaltuk csaknem 5 \u00e9ven kereszt\u00fcl. A t\u00e1rsas\u00e1g f\u0151 tev\u00e9kenys\u00e9gi k\u00f6re ipari \u00e9s egy\u00e9b \u00e9p\u00fcletek takar\u00edt\u00e1sa, ill. egy\u00e9b takar\u00edt\u00e1si munk\u00e1latok elv\u00e9gz\u00e9se. Tev\u00e9kenys\u00e9g\u00fcnket els\u0151sorban Budapesten \u00e9s Pest megyei telep\u00fcl\u00e9seken v\u00e9gezz\u00fck. C\u00e9g\u00fcnk param\u00e9terei&hellip; <br \/> <a class=\"read-more\" href=\"http:\/\/tandusz.hu\/?page_id=32\">Read more<\/a><\/p>\n","protected":false},"author":1,"featured_media":0,"parent":0,"menu_order":0,"comment_status":"closed","ping_status":"closed","template":"","meta":{"footnotes":""},"class_list":["post-32","page","type-page","status-publish","hentry"],"_links":{"self":[{"href":"http:\/\/tandusz.hu\/index.php?rest_route=\/wp\/v2\/pages\/32"}],"collection":[{"href":"http:\/\/tandusz.hu\/index.php?rest_route=\/wp\/v2\/pages"}],"about":[{"href":"http:\/\/tandusz.hu\/index.php?rest_route=\/wp\/v2\/types\/page"}],"author":[{"embeddable":true,"href":"http:\/\/tandusz.hu\/index.php?rest_route=\/wp\/v2\/users\/1"}],"replies":[{"embeddable":true,"href":"http:\/\/tandusz.hu\/index.php?rest_route=%2Fwp%2Fv2%2Fcomments&post=32"}],"version-history":[{"count":2,"href":"http:\/\/tandusz.hu\/index.php?rest_route=\/wp\/v2\/pages\/32\/revisions"}],"predecessor-version":[{"id":213,"href":"http:\/\/tandusz.hu\/index.php?rest_route=\/wp\/v2\/pages\/32\/revisions\/213"}],"wp:attachment":[{"href":"http:\/\/tandusz.hu\/index.php?rest_route=%2Fwp%2Fv2%2Fmedia&parent=32"}],"curies":[{"name":"wp","href":"https:\/\/api.w.org\/{rel}","templated":true}]}}

Bemutatkozás

<p>Cégünk 2010. november 5-én alakult.</p>



<p>Állami tulajdonban lévő épületek, épületegységek, hivatali helyiségek (iskolák, óvodák, bölcsődék, kormányhivatali helyiségek, kiszolgáló egységek) folyamatos minőségi és mintaszerű takarítását, tisztítását vállaltuk csaknem 5 éven keresztül.</p>



<p></p>



<p>A társaság fő tevékenységi köre ipari és egyéb épületek takarítása, ill. egyéb takarítási munkálatok elvégzése. Tevékenységünket elsősorban Budapesten és Pest megyei településeken végezzük.</p>



<p>Cégünk paraméterei tökéletes lehetőséget biztosítanak Önöknek arra, hogy a jövőben hosszú távon mintaszerű partnereivé váljunk egymásnak nemcsak a takarítási, tisztítási, hanem ezen szolgáltatáshoz kapcsolódó egyéb területek tekintetében is.</p>



<p>Az Önök munkafolyamatainak struktúrájába a&nbsp;<strong>TANDUSZ&nbsp;</strong>Szolgáltató Kft. optimálisan be tud illeszkedni. Cégünk hatékony és példás munkavégzése okán méltán képezné az Önök tevékenységének részegységét.</p>



<p></p>



<p>Főbb területeink:</p>



<ul class="wp-block-list"><li>üzemek, gyárak, csarnokok takarítása, tisztán tartása</li><li>irodák, irodaházak takarítása, tisztán tartása</li><li>épületek, társasházak takarítása, tisztán tartása</li><li>állami – és magánrendelők, egészségügyi intézmények takarítása, tisztán tartása</li><li>építkezések utáni takarítási munkálatok</li><li>egyéb, speciális területet és szakértelmet igénylő takarítási, tisztítási szolgáltatások</li></ul>



<p>Szolgáltatásunk során lényeges szempontként tekintünk Megrendelőinkkel való folyamatos kapcsolattartásra, hiszen ez a hosszú távú együttműködésünk alapja.</p>



<p><em>A&nbsp;</em><em><strong>TANDUSZ&nbsp;</strong></em><em>Szolgáltató Kft. küldetése, hogy olyan erős, releváns piaci tényezőként működő, nyereséges vállalkozás legyen, mely ügyfeleinek megoldást, dolgozóinak pedig hosszú távon biztos hátteret és tisztességes megélhetést biztosít.</em></p>



<p>Cégünk számára kiemelkedően fontos szempont a rugalmasság. Megrendelőink igényeinek, kéréseinek megfelelően a leggyorsabban és a lehető leghatékonyabban oldjuk meg feladatainkat. A munkaidőt és a munkavállalók létszámát Megrendelőink mindennapi igényeihez igazítjuk.</p>



<p>Gyakorlott és megbízható alkalmazottjaink fegyelmezett magatartással végzik munkájukat.</p>



<p></p>



<p>Számunkra kiemelkedően fontos a környezetvédelem, ezért szolgáltatásunk során minden esetben előtérbe helyezzük a környezetbarát tisztítószerek alkalmazását. Kérésére az általunk használt tisztítószerekről és eszközökről részletes leírást küldünk.</p>



<p>Bízunk benne, hogy szolgáltatásaink megismerése után hamarosan Önöket is elégedett partnereink között üdvözölhetjük.</p>

<p>Cégünk 2010. november 5-én alakult. Állami tulajdonban lévő épületek, épületegységek, hivatali helyiségek (iskolák, óvodák, bölcsődék, kormányhivatali helyiségek, kiszolgáló egységek) folyamatos minőségi és mintaszerű takarítását, tisztítását vállaltuk csaknem 5 éven keresztül. A társaság fő tevékenységi köre ipari és egyéb épületek takarítása, ill. egyéb takarítási munkálatok elvégzése. Tevékenységünket elsősorban Budapesten és Pest megyei településeken végezzük. Cégünk paraméterei&hellip; <br /> <a class="read-more" href="http://tandusz.hu/?page_id=32">Read more</a></p>
