{"id":322,"date":"2020-07-07T18:45:30","date_gmt":"2020-07-07T18:45:30","guid":{"rendered":"http:\/\/tandusz.hu\/?page_id=322"},"modified":"2020-07-27T19:14:42","modified_gmt":"2020-07-27T19:14:42","slug":"permetezes","status":"publish","type":"page","link":"http:\/\/tandusz.hu\/?page_id=322","title":{"rendered":"Permetez\u00e9s"},"content":{"rendered":"\n<p>Az elj\u00e1r\u00e1st k\u00e9zi permetez\u0151 seg\u00edts\u00e9g\u00e9vel v\u00e9gezz\u00fck, a megfelel\u0151 fert\u0151tlen\u00edt\u0151szer haszn\u00e1lat\u00e1val, a gy\u00e1rt\u00f3 \u00e1ltal meghat\u00e1rozott h\u00edg\u00edt\u00e1si ar\u00e1nyban. A helyi adotts\u00e1gok f\u00fcggv\u00e9ny\u00e9ben minden fel\u00fcletre elegend\u0151 fert\u0151tlen\u00edt\u0151szert permetez\u00fcnk. Enn\u00e9l az elj\u00e1r\u00e1sn\u00e1l a szemcsenagys\u00e1ga nem relev\u00e1ns. Enn\u00e9l a t\u00edpus\u00fa fert\u0151tlen\u00edt\u0151 elj\u00e1r\u00e1sn\u00e1l a kisebb szemcsenagys\u00e1g miatt jobban ter\u00edthet\u0151 a fert\u0151tlen\u00edt\u0151 hat\u00e1s\u00fa anyag.<\/p>\n\n\n\n<figure class=\"wp-block-image size-large is-resized\"><img loading=\"lazy\" decoding=\"async\" src=\"http:\/\/tandusz.hu\/wp-content\/uploads\/2020\/07\/IMG_20200525_192721-2-768x1024.jpg\" alt=\"\" class=\"wp-image-327\" width=\"351\" height=\"468\" srcset=\"http:\/\/tandusz.hu\/wp-content\/uploads\/2020\/07\/IMG_20200525_192721-2-768x1024.jpg 768w, http:\/\/tandusz.hu\/wp-content\/uploads\/2020\/07\/IMG_20200525_192721-2-225x300.jpg 225w, http:\/\/tandusz.hu\/wp-content\/uploads\/2020\/07\/IMG_20200525_192721-2-1152x1536.jpg 1152w, http:\/\/tandusz.hu\/wp-content\/uploads\/2020\/07\/IMG_20200525_192721-2-1536x2048.jpg 1536w, http:\/\/tandusz.hu\/wp-content\/uploads\/2020\/07\/IMG_20200525_192721-2-1024x1365.jpg 1024w, http:\/\/tandusz.hu\/wp-content\/uploads\/2020\/07\/IMG_20200525_192721-2-810x1080.jpg 810w, http:\/\/tandusz.hu\/wp-content\/uploads\/2020\/07\/IMG_20200525_192721-2-scaled.jpg 1920w\" sizes=\"(max-width: 351px) 100vw, 351px\" \/><\/figure>\n","protected":false},"excerpt":{"rendered":"<p>Az elj\u00e1r\u00e1st k\u00e9zi permetez\u0151 seg\u00edts\u00e9g\u00e9vel v\u00e9gezz\u00fck, a megfelel\u0151 fert\u0151tlen\u00edt\u0151szer haszn\u00e1lat\u00e1val, a gy\u00e1rt\u00f3 \u00e1ltal meghat\u00e1rozott h\u00edg\u00edt\u00e1si ar\u00e1nyban. A helyi adotts\u00e1gok f\u00fcggv\u00e9ny\u00e9ben minden fel\u00fcletre elegend\u0151 fert\u0151tlen\u00edt\u0151szert permetez\u00fcnk. Enn\u00e9l az elj\u00e1r\u00e1sn\u00e1l a szemcsenagys\u00e1ga nem relev\u00e1ns. Enn\u00e9l a t\u00edpus\u00fa fert\u0151tlen\u00edt\u0151 elj\u00e1r\u00e1sn\u00e1l a kisebb szemcsenagys\u00e1g miatt jobban ter\u00edthet\u0151 a fert\u0151tlen\u00edt\u0151 hat\u00e1s\u00fa anyag.<\/p>\n","protected":false},"author":2,"featured_media":0,"parent":0,"menu_order":0,"comment_status":"closed","ping_status":"closed","template":"","meta":{"footnotes":""},"class_list":["post-322","page","type-page","status-publish","hentry"],"_links":{"self":[{"href":"http:\/\/tandusz.hu\/index.php?rest_route=\/wp\/v2\/pages\/322"}],"collection":[{"href":"http:\/\/tandusz.hu\/index.php?rest_route=\/wp\/v2\/pages"}],"about":[{"href":"http:\/\/tandusz.hu\/index.php?rest_route=\/wp\/v2\/types\/page"}],"author":[{"embeddable":true,"href":"http:\/\/tandusz.hu\/index.php?rest_route=\/wp\/v2\/users\/2"}],"replies":[{"embeddable":true,"href":"http:\/\/tandusz.hu\/index.php?rest_route=%2Fwp%2Fv2%2Fcomments&post=322"}],"version-history":[{"count":5,"href":"http:\/\/tandusz.hu\/index.php?rest_route=\/wp\/v2\/pages\/322\/revisions"}],"predecessor-version":[{"id":330,"href":"http:\/\/tandusz.hu\/index.php?rest_route=\/wp\/v2\/pages\/322\/revisions\/330"}],"wp:attachment":[{"href":"http:\/\/tandusz.hu\/index.php?rest_route=%2Fwp%2Fv2%2Fmedia&parent=322"}],"curies":[{"name":"wp","href":"https:\/\/api.w.org\/{rel}","templated":true}]}}